en j is divided by (-2)/(o/(-12)*1)?
7
Let k(d) = 11*d - 50. Calculate the remainder when 138 is divided by k(9).
40
Suppose -4*f + 4 - 8 = 0, -5*f + 21 = 2*o. Let b(n) = 16*n - 3. Calculate the remainder when b(4) is divided by o.
9
Let f(u) = -u**2 - 13*u + 16. Let p be f(-17). Suppose -7*v = -27 - 232. Calculate the remainder when (-3783)/p + (-2)/(-8) is divided by v.
36
Let r = -3 - -13. Let i = -5 + r. Suppose -2*a + 15 = 4*b - 15, i*b = -2*a + 40. Calculate the remainder when 19 is divided by b.
9
Suppose 11 - 1 = -2*p, 18 = 3*h + 3*p. Let z(d) = 16*d - 60. Let r(l) = -l + 1. Let w(t) = 20*r(t) + z(t). Calculate the remainder when w(-15) is divided by h.
9
Suppose -2*l = 2*z - 214, 5*l - 13*z = -8*z + 565. What is the remainder when l is divided by 32?
14
Let w(b) = -b**3 - 6*b**2 - 6*b - 10. Calculate the remainder when 101 is divided by w(-6).
23
Suppose -z - 9 = -3*o + 60, -3*z = 7*o - 161. What is the remainder when 152 is divided by o?
14
Suppose -3*p - 164 = -5*p. Let j = 145 - p. Calculate the remainder when 102 is divided by ((-1)/3)/((-1)/j).
18
Let i be 1 - (6 - 3)/(-3). Suppose 0 = -6*a - 12*a + 180. Calculate the remainder when a is divided by -3*i/(-6) - -5.
4
Suppose -6*i + 10*i + 28 = 2*j, -j = -4*i - 24. Let l(h) = h - 2. Calculate the remainder when j is divided by l(4).
0
Let c be (-13)/(-2)*(-13)/(65/80). Let j = -91 - c. Suppose 2*w + 4 = 12. What is the remainder when j is divided by w?
1
Suppose b - 14 = -x, -5*x + 54 = b - 0. Suppose -6*j + 10*j = 304. Let s = j + -38. Calculate the remainder when s is divided by x.
8
Let t = -18 + 22. Suppose -5*h = 3*w + 2, 0 = -t*w - 4*h + 8. What is the remainder when 13 is divided by w?
1
Suppose 1 = -3*b - 2*g - 6, -3*g + 2 = 2*b. Calculate the remainder when ((-26)/(-4))/(b/(-30)) is divided by 15.
9
Calculate the remainder when 101 is divided by ((-11)/(-3))/((-34)/(-204)).
13
Suppose -8*z - 832 = -1488. Let q be (10/(-8))/(1/(-4)). Let u(m) = m**2 + m - 2. Calculate the remainder when z is divided by u(q).
26
Suppose -2*r + u + 13 + 50 = 0, 0 = 2*u - 2. Calculate the remainder when 126 is divided by r.
30
Let o(k) = k**3 + 5*k**2 - 10*k - 21. Let r be o(-6). Suppose -r*v = -8*v + 35. Calculate the remainder when v is divided by 4.
3
Suppose 2*i + 4 = 0, 28*i - 29*i + 154 = 3*s. Calculate the remainder when 186 is divided by s.
30
Let d(u) = -43*u - 17. What is the remainder when 47 is divided by d(-1)?
21
Calculate the remainder when 100 is divided by 10 - ((-64)/22 - (-4)/(-44)).
9
Let u be 27*(8/24)/(1/3). Let j = -12 + u. Calculate the remainder when 71 is divided by j.
11
Suppose -251 = -4*z + 3*w, 4*w - 8*w - 138 = -2*z. Let u = 57 - 45. What is the remainder when z is divided by u?
11
Let s be 198/10 - 2/(-10). Let l = -21 + s. What is the remainder when 0 + (12*l)/(-2) is divided by 4?
2
Suppose -4*d + 0*d + 8 = 0. Let s(c) = -4*c**d + 0 - 1 + 7*c**2 + 4*c. Calculate the remainder when s(-4) is divided by 8.
7
Suppose 0*x - 2*r + 3 = x, 0 = 3*x - 3*r - 45. Suppose -140 - 20 = -8*t. Suppose 2*q = -q + 5*i + 68, -q - i = -t. What is the remainder when q is divided by x?
10
Suppose -8*x + 4*x + 4*c + 452 = 0, 0 = 4*x + 5*c - 434. Calculate the remainder when 288 is divided by x.
66
Suppose 4*k = 8*k + 16, 0 = 5*f + 3*k - 8. Let o(v) = 9*v - 5. Let b be o(f). What is the remainder when b - (12/2)/2 is divided by 17?
11
Let m = -2 + 11. Let k = m + -11. Calculate the remainder when (-166)/(-5 - (k - 1)) is divided by 21.
20
Suppose 98*u - 217 = 91*u. What is the remainder when u is divided by 3?
1
Let m(d) = -d**3 - 10*d**2 + 7*d - 11. Let t be m(-11). Suppose 33 + t = 3*s. Suppose -4*z + 60 + 104 = 0. Calculate the remainder when z is divided by s.
19
Suppose -2*s - 2*v = 4, 6 = 4*s - 5*s - 2*v. Suppose s*i - 37 = -r, -r = 3*i + 2*i - 85. What is the remainder when 45 is divided by i?
13
Let h(y) = -22*y. Let t = 4714 + -4540. What is the remainder when t is divided by h(-1)?
20
Let u = -48 + 168. What is the remainder when 145 is divided by 6/u*-4 - (-372)/10?
34
Let h be 11 + -10 + (-8)/(-2). Suppose 4*m = -4*b + 228, -h*b = 3*m - 4*m - 315. What is the remainder when b is divided by (-183)/(-9) - (-2)/3?
20
Let m = 8 + 3. Calculate the remainder when 307 is divided by m.
10
Suppose 4*k - 3*z = 110, 3*z = -3 - 3. Calculate the remainder when 412 is divided by k.
22
Let t = 33 + -10. Let r(q) = q**2 - 7*q + 9. Let b be r(6). Suppose 196 = b*c - 74. What is the remainder when c is divided by t?
21
Suppose 3 = -b + 6. Suppose b*u = -4*u + 308. What is the remainder when u is divided by 9?
8
Let j(w) = w**2 - 13*w - 21. Let f = -39 - -74. What is the remainder when f is divided by j(15)?
8
Let y = 13 + -20. Let p(w) = -4*w - 6. Let t = 68 + -55. What is the remainder when p(y) is divided by t?
9
Suppose -2*z = z + d - 23, 0 = -2*z + 2*d + 10. Let m be 5/1 - (3 - z). Suppose 2*h - 43 + m = 0. Calculate the remainder when h is divided by 6.
5
Let g(k) = 2*k**2 + 8*k - 63. What is the remainder when 681 is divided by g(-10)?
54
Let d = -5 + -33. Let o = 62 + d. What is the remainder when 70 is divided by o?
22
Let u(f) = -11*f**3 - f**2 + 4*f - 8. What is the remainder when u(-3) is divided by 18?
16
Let c = 330 - 286. What is the remainder when 85 is divided by c?
41
Let v = 25 - 21. Calculate the remainder when 346/v - 18/(-12) is divided by 15.
13
Suppose 3*f - 2*l - 13 = 0, 3*f - 19 = -2*f + 2*l. Suppose -4*q = 2*b - 38, -f*q = 3*b - 19 - 11. What is the remainder when 2/5 + 168/5 is divided by q?
7
Let d(x) = -x**2 + 42*x + 132. What is the remainder when d(38) is divided by 103?
78
Suppose 128*h - 132*h = -160. Calculate the remainder when 72 is divided by h.
32
Let o(i) = i**2 - 4*i + 3. Let n(d) = d**2 - 5*d + 1 + 4*d + 5*d**2 + d**3. Calculate the remainder when n(-5) is divided by o(5).
7
Suppose -5*h = -2*j - 128, 0*h + 40 = h - 4*j. What is the remainder when 71 is divided by ((-148)/(-6))/(h/36)?
34
Suppose 18 = -2*h - 14. Let z = h - -77. What is the remainder when z is divided by 31?
30
What is the remainder when 498 is divided by (-630)/(-77) + 105/(-33) + 3?
2
Let y = -52 + 346. Suppose -2*b - y = -9*b. Calculate the remainder when b is divided by 15.
12
Let o(g) = -g + 26. What is the remainder when 36 is divided by o(24)?
0
Let q = -32 - -92. Calculate the remainder when q is divided by 9.
6
Suppose 145 = 3*h + 2*j, h - 41 = -3*j + 5. What is the remainder when 342 is divided by h?
48
Suppose 0 = 5*z - 3*h - 1538, -h - 1970 + 424 = -5*z. Calculate the remainder when z is divided by 52.
50
Let n(q) be the second derivative of q**5/20 - q**4/12 + 15*q**2/2 - q. Let k be n(0). Let y = k - -2. What is the remainder when 31 is divided by y?
14
Calculate the remainder when ((-100)/6)/(22/(-1419)) is divided by 108.
103
Let x(z) = z**3 + 4*z**2 + 3*z - 1. Let w be x(-2). Calculate the remainder when (-2 + (-2)/w)*(-6 + -23) is divided by 31.
23
Suppose -4*q - 8 = -8*q + 4*y, -1 = q - 4*y. What is the remainder when 6 is divided by q?
0
Let h(d) = 25*d - 162. Calculate the remainder when 260 is divided by h(10).
84
Let f(z) = z - 18 - 16*z + 8 - 4. Calculate the remainder when f(-6) is divided by 39.
37
Suppose 0 = 58*n - 67 + 9. Calculate the remainder when 32 is divided by n.
0
Suppose -22*q = -107 - 201. Calculate the remainder when 264 is divided by q.
12
Let d be 4/6 - (-168)/(-36). Let i(b) = 4*b**2 + b - 14. Calculate the remainder when i(d) is divided by (-4)/(-2) - -1*22.
22
Suppose -2*a + 3 = -1. Suppose -d + 2 = -4. What is the remainder when ((-60)/(a + 0))/(-2) is divided by d?
3
Suppose -4*v = 3*w - 83, -2*v + 2 + 42 = 2*w. What is the remainder when 49 is divided by v?
15
Suppose -2*y - 4*p = -4, 3*p + 0 = 3*y + 3. Suppose -5*a - 41 + 376 = y. What is the remainder when a is divided by 34?
33
Let o = -3 + 11. Suppose -4*z + 14 = 5*n, -4*z + o = -2*z + 3*n. Calculate the remainder when 1 is divided by z.
0
Suppose -6*k - 102 = -168. Calculate the remainder when 58/4*(-4)/(-2) is divided by k.
7
Let n = -128 + 247. Calculate the remainder when n is divided by 44.
31
Let t(j) = 3*j**2 - 2*j - 12. What is the remainder when t(-5) is divided by 41/1 - 1 - 2?
35
Suppose -67 = -3*k + 23. Let h = 25 + k. Calculate the remainder when h is divided by 19